base 4) to base 13
51
What is 11 (base 10) in base 7?
14
1 (base 10) to base 16
1
59 (base 15) to base 5
314
What is 35 (base 11) in base 6?
102
Convert -8 (base 9) to base 6.
-12
What is 521 (base 6) in base 12?
141
What is -1011 (base 2) in base 16?
-b
Convert -5 (base 14) to base 16.
-5
Convert 11 (base 4) to base 16.
5
a9 (base 12) to base 11
108
What is 5 (base 10) in base 11?
5
What is 0 (base 2) in base 3?
0
0 (base 2) to base 5
0
Convert -24 (base 8) to base 6.
-32
What is -53 (base 14) in base 5?
-243
42 (base 10) to base 12
36
What is 10 (base 2) in base 9?
2
86 (base 10) to base 2
1010110
2 (base 9) to base 7
2
-3 (base 9) to base 14
-3
Convert 2 (base 9) to base 6.
2
Convert -242 (base 7) to base 9.
-152
What is -2 (base 7) in base 4?
-2
-202 (base 4) to base 5
-114
6 (base 15) to base 16
6
What is 221 (base 5) in base 2?
111101
What is 6 (base 11) in base 9?
6
-200 (base 8) to base 3
-11202
What is -82 (base 10) in base 2?
-1010010
Convert 20 (base 6) to base 8.
14
What is 21 (base 3) in base 15?
7
-29 (base 15) to base 9
-43
-11 (base 2) to base 7
-3
Convert -1 (base 16) to base 13.
-1
Convert 30 (base 7) to base 11.
1a
200 (base 3) to base 12
16
What is -10011 (base 3) in base 2?
-1010101
-2 (base 6) to base 16
-2
Convert 118 (base 10) to base 2.
1110110
What is 10 (base 12) in base 4?
30
Convert 211 (base 3) to base 11.
20
What is -8 (base 10) in base 14?
-8
What is 11 (base 3) in base 5?
4
What is -56 (base 9) in base 6?
-123
What is 40 (base 11) in base 7?
62
0 (base 4) to base 13
0
What is -5 (base 12) in base 5?
-10
a (base 11) to base 15
a
What is 95 (base 14) in base 3?
11212
Convert 134 (base 9) to base 4.
1300
What is 27 (base 11) in base 4?
131
What is -105 (base 6) in base 3?
-1112
1100 (base 2) to base 3
110
11 (base 9) to base 13
a
What is -1 (base 6) in base 2?
-1
-4 (base 13) to base 4
-10
Convert 360 (base 8) to base 2.
11110000
Convert -4d (base 16) to base 8.
-115
16 (base 7) to base 4
31
-10 (base 5) to base 3
-12
What is 9 (base 13) in base 14?
9
2 (base 8) to base 5
2
What is -12 (base 7) in base 10?
-9
-1 (base 16) to base 9
-1
What is -3 (base 8) in base 9?
-3
What is 18 (base 12) in base 14?
16
What is 8 (base 9) in base 14?
8
-141 (base 14) to base 2
-11111101
-5 (base 16) to base 6
-5
What is 2020 (base 3) in base 14?
44
11 (base 8) to base 7
12
1 (base 2) to base 15
1
Convert 5 (base 15) to base 2.
101
Convert -14 (base 6) to base 16.
-a
30 (base 8) to base 10
24
What is -75 (base 13) in base 3?
-10120
12 (base 6) to base 9
8
-2 (base 14) to base 15
-2
Convert 1112 (base 7) to base 2.
110010001
Convert -4 (base 15) to base 5.
-4
Convert 133 (base 9) to base 11.
a1
Convert 1101111 (base 2) to base 12.
93
-2 (base 9) to base 3
-2
What is 0 (base 11) in base 3?
0
What is a (base 16) in base 8?
12
Convert -21 (base 5) to base 16.
-b
Convert 23 (base 13) to base 10.
29
What is 15 (base 15) in base 4?
110
22 (base 13) to base 9
31
What is 0 (base 10) in base 4?
0
Convert 100 (base 3) to base 6.
13
Convert 8 (base 11) to base 2.
1000
b (base 16) to base 13
b
-2 (base 13) to base 9
-2
What is 5 (base 13) in base 3?
12
Convert 1341 (base 5) to base 8.
335
-dd (base 14) to base 4
-3003
What is -18 (base 14) in base 13?
-19
Convert 1b (base 13) to base 5.
44
What is 1b (base 16) in base 15?
1c
Convert -3 (base 12) to base 3.
-10
d (base 14) to base 12
11
Convert -11100 (base 2) to base 13.
-22
-3 (base 10) to base 5
-3
What is 11 (base 13) in base 16?
e
Convert -120 (base 4) to base 8.
-30
What is 25 (base 13) in base 3?
1011
What is -1 (base 3) in base 13?
-1
10100 (base 2) to base 15
15
2 (base 13) to base 6
2
What is 12 (base 7) in base 16?
9
What is 15 (base 8) in base 5?
23
What is 0 (base 12) in base 2?
0
Convert 21 (base 14) to base 9.
32
-20001 (base 3) to base 2
-10100011
Convert 5 (base 6) to base 16.
5
Convert -3 (base 12) to base 3.
-10
What is 34 (base 5) in base 11?
18
-13 (base 9) to base 8
-14
-7 (base 10) to base 5
-12
What is 1 (base 7) in base 8?
1
Convert -3 (base 14) to base 11.
-3
Convert -b (base 15) to base 10.
-11
What is 8 (base 9) in base 13?
8
-1 (base 8) to base 10
-1
Convert -50 (base 7) to base 13.
-29
What is 59 (base 14) in base 4?
1033
Convert 0 (base 8) to base 9.
0
What is -10b (base 16) in base 10?
-267
14 (base 6) to base 12
a
What is -1 (base 15) in base 12?
-1
What is -111 (base 4) in base 10?
-21
What is -9 (base 10) in base 8?
-11
Convert 232 (base 5) to base 15.
47
What is 100101 (base 2) in base 11?
34
What is 232 (base 9) in base 14?
d9
Convert -43 (base 6) to base 12.
-23
5 (base 10) to base 2
101
What is 4 (base 11) in base 8?
4
Convert -1a3 (base 14) to base 7.
-663
Convert -1 (base 11) to base 5.
-1
What is 38 (base 11) in base 14?
2d
Convert -2 (base 15) to base 14.
-2
What is -2132 (base 4) in base 14?
-b4
What is -11 (base 2) in base 15?
-3
-4 (base 16) to base 14
-4
Convert 176 (base 10) to base 12.
128
22 (base 3) to base 7
11
What is -4 (base 12) in base 14?
-4
What is -16 (base 12) in base 4?
-102
What is 4 (base 5) in base 10?
4
What is 2021 (base 3) in base 15?
41
What is 3 (base 4) in base 12?
3
Convert -b (base 13) to base 4.
-23
2 (base 16) to base 9
2
Convert -7 (base 12) to base 7.
-10
-15 (base 12) to base 14
-13
-324 (base 10) to base 14
-192
Convert -1 (base 2) to base 5.
-1
What is 158 (base 11) in base 12?
134
What is -13 (base 11) in base 10?
-14
What is -9 (base 12) in base 2?
-1001
What is 454 (base 7) in base 4?
3223
0 (base 4) to base 13
0
What is b (base 15) in base 6?
15
What is 0 (base 4) in base 2?
0
7 (base 8) to base 13
7
-3 (base 13) to base 3
-10
62 (base 8) to base 5
200
Convert 4 (base 11) to base 6.
4
What is -f (base 16) in base 15?
-10
1 (base 9) to base 10
1
Convert -1123 (base 4) to base 9.
-111
3 (base 4) to base 16
3
0 (base 10) to base 4
0
Convert -158 (base 12) to base 11.
-183
Convert -3 (base 16) to base 10.
-3
What is -10 (base 8) in base 11?
-8
Convert 112010 (base 3) to base 11.
317
-111 (base 2) to base 9
-7
-1 (base 11) to base 12
-1
What is -3 (base 9) in base 4?
-3
3 (base 13) to base 16
3
Convert -2021 (base 5) to base 14.
-149
What is -36 (base 16) in base 4?
-312
Convert 3 (base 9) to base 5.
3
What is -21 (base 8) in base 15?
-12
6 (base 8) to base 16
6
What is 0 (base 15) in base 11?
0
-1 (base 6) to base 15
-1
7 (base 13) to base 16
7
141 (base 5) to base 9
51
-75 (base 15) to base 11
-a0
What is -100 (base 4) in base 8?
-20
3 (base 16) to base 5
3
-2 (base 4) to base 13
-2
1 (base 7) to base 14
1
-1323 (base 4) to base 6
-323
10001 (base 2) to base 3
122
3 (base 16) to base 13
3
2b (base 15) to base 13
32
1 (base 7) to base 5
1
10100 (base 2) to base 16
14
-1 (base 8) to base 11
-1
What is -106 (base 7) in base 12?
-47
Convert -1100110 (base 2) to base 14.
-74
Convert 0 (base 6) to base 5.
0
Convert 11022 (base 3) to base 6.
312
1 (base 5) to base 13
1
-aa (base 14) to base 2
-10010110
Convert 1 (base 6) to base 11.
1
-3 (base 11) to base 16
-3
Convert -1 (base 11) to base 10.
-1
Convert 21 (base 4) to base 9.
10
What is 1 (base 3) in base 14?
1
128 (base 12) to base 11
150
What is 3 (base 6) in base 8?
3
2 (base 16) to base 5
2
What is 1001 (base 2) in base 9?
10
What is 67 (base 13) in base 6?
221
Convert 4 (base 8) to base 12.
4
2 (base 7) to base 12
2
What is 10 (base 4) in base 3?
11
-11 (base 2) to base 16
-3
What is 10 (base 3) in base 16?
3
5 (base 7) to base 16
5
Convert 10001111 (base 2) to base 7.
263
What is 40 (base 8) in base 2?
100000
-3 (base 6) to base 13
-3
-10 (base 4) to base 16
-4
1 (base 7) to base 6
1
What is -63 (base 10) in base 2?
-111111
What is 0 (base 5) in base 4?
0
-221 (base 3) to base 4
-121
What is 2 (base 6) in base 3?
2
Convert 8 (base 10) to base 16.
8
Convert -16 (base 15) to base 12.
-19
Convert -22 (base 5) to base 7.
-15
17 (base 13) to base 7
26
Convert 130 (base 5) to base 9.
44
Convert -f (base 16) to base 4.
-33
What is 11 (base 15) in base 3?
121
What is -7 (base 10) in base 12?
-7
Convert -5 (base 14) to base 11.
-5
What is -185 (base 9) in base 11?
-134
What is -1 (base 5) in base 10?
-1
What is -4 (base 11) in base 8?
-4
Convert 1 (base 15) to base 6.
1
Convert -313 (base 4) to base 15.
-3a
Convert -1321 (base 5) to base 3.
-21211
1011 (base 2) to base 3